{"id":240,"date":"2023-01-07T23:59:04","date_gmt":"2023-01-07T20:59:04","guid":{"rendered":"https:\/\/www.bilark.org\/?page_id=240"},"modified":"2023-01-08T00:02:12","modified_gmt":"2023-01-07T21:02:12","slug":"hareket-tarzimiz","status":"publish","type":"page","link":"https:\/\/www.bilark.org\/?page_id=240&lang=tr","title":{"rendered":"Hareket Tarz\u0131m\u0131z"},"content":{"rendered":"\n<p class=\"has-text-align-right\"><a href=\"https:\/\/www.bilark.org\/?page_id=172\" data-type=\"URL\" data-id=\"https:\/\/www.bilark.org\/?page_id=172\">English<\/a><\/p>\n\n\n\n<p>Hareket tarz\u0131m\u0131z esasen \u00f6yk\u00fcm\u00fczle, teker teker ve birlikte hayatta durdu\u011fumuz yerle do\u011frudan ilintili. Bir kooperatif \u00e7at\u0131s\u0131 alt\u0131nda bir araya gelme iste\u011fimiz, hem y\u0131llar i\u00e7inde kendili\u011finden geli\u015fen ya\u015fam\u0131 b\u00f6l\u00fc\u015fme, birlikte d\u00fc\u015f\u00fcnme ve ortakla\u015fa \u00fcretim s\u00fcre\u00e7lerinin bir yans\u0131mas\u0131d\u0131r, hem de B\u0130LARK bile\u015fenlerinin kolektif eme\u011fin ve yatay \u00f6rg\u00fctlenmenin de\u011ferine, verimlili\u011fine olan inanc\u0131ndan kaynaklanmaktad\u0131r.&nbsp;<\/p>\n\n\n\n<p><br>Hiyerar\u015fi i\u00e7ermeyen bir yap\u0131m\u0131z ve \u00e7al\u0131\u015fma bi\u00e7imimiz var:&nbsp;B\u0130LARK olarak yap\u0131lacak faaliyetlerle ilgili t\u00fcm s\u00fcre\u00e7lerde e\u015fit s\u00f6z hakk\u0131 ge\u00e7erli. Bir faaliyetin ger\u00e7ekle\u015ftirilmesine karar verilmesi, bu y\u00f6nde bir program olu\u015fturulmas\u0131 ve o program dahilinde i\u015fe koyulmak, bir arada d\u00fc\u015f\u00fcnme, tart\u0131\u015fma s\u00fcre\u00e7lerinin sonucunda verilen ortak karara ba\u011fl\u0131. Faaliyetin ger\u00e7ekle\u015ftirilmesi i\u00e7in gereken i\u015fb\u00f6l\u00fcm\u00fcnde yine hiyerar\u015fi i\u00e7ermeyen bir yol izlenirken, bile\u015fenlerin beceri ve birikimleri g\u00f6z \u00f6n\u00fcnde bulunduruluyor ve bu i\u015fb\u00f6l\u00fcm\u00fcne de ortakla\u015fa karar veriliyor.&nbsp;<\/p>\n\n\n\n<p><br>\u0130\u015fbirli\u011fine a\u00e7\u0131k, \u015feffaf bir yap\u0131ya sahibiz: Kendi i\u00e7inde yatay \u00f6rg\u00fctlenme ve \u015feffafl\u0131k esas\u0131nda i\u015fleyen B\u0130LARK, kendi yap\u0131s\u0131 d\u0131\u015f\u0131ndaki ki\u015fi ve kurulu\u015flarla da ayn\u0131 esasta ili\u015fki kurmay\u0131 \u00f6nemsiyor. Toplumsal ihtiya\u00e7lara duyarl\u0131, adil bir d\u00fcnya talebini savunan, evrensel hak ve \u00f6zg\u00fcrl\u00fcklere sayg\u0131l\u0131, \u0131rk, din, dil, cinsiyet ve t\u00fcr ayr\u0131mc\u0131l\u0131\u011f\u0131 yapmayan t\u00fcm ki\u015fi ve kurulu\u015flarla birey-toplum ve ya\u015fam yarar\u0131na yap\u0131lacak her t\u00fcrl\u00fc faaliyette i\u015fbirli\u011fi ve dayan\u0131\u015fmaya a\u00e7\u0131\u011f\u0131z.&nbsp;Ayr\u0131ca benzer giri\u015fimlerin artmas\u0131n\u0131, \u00fclkemizde ve d\u00fcnyada ekonomik giri\u015fim ve yarat\u0131c\u0131 \u00fcretimle eme\u011fin birle\u015fmesinden do\u011facak yeni bir ekonomi alan\u0131n\u0131n g\u00fc\u00e7lenmesini arzu ediyoruz. Bu s\u00fcrece katk\u0131 i\u00e7in bilgi, deneyim ve altyap\u0131m\u0131z\u0131 ilgilenenlerle olabildi\u011fince payla\u015fmak istiyoruz.Bilimsel ara\u015ft\u0131rma projesi veya \u00e7al\u0131\u015fma alanlar\u0131mz i\u00e7inde yer alan di\u011fer faaliyetlerde proje ortakl\u0131\u011f\u0131n\u0131 ve i\u015fbirli\u011fini \u00f6nemsiyoruz. Bu nedenle proje fikirlerimizi ilgilenenlerle payla\u015fmak, B\u0130LARK d\u0131\u015f\u0131ndan ki\u015fi ve kurulu\u015flar\u0131n proje \u00f6nerilerini birlikte geli\u015ftirerek projeler ortaya \u00e7\u0131karmak gibi \u00e7ok y\u00f6nl\u00fc etkile\u015fim i\u00e7inde olmak istiyoruz. \u0130lgilenenlere web sayfam\u0131zdaki \u201ci\u015fbirli\u011fi\u201d sekmesini izlemeyi ve bizimle ileti\u015fime ge\u00e7meyi \u00f6neririz.<\/p>\n","protected":false},"excerpt":{"rendered":"<div class=\"mh-excerpt\"><p>English Hareket tarz\u0131m\u0131z esasen \u00f6yk\u00fcm\u00fczle, teker teker ve birlikte hayatta durdu\u011fumuz yerle do\u011frudan ilintili. Bir kooperatif \u00e7at\u0131s\u0131 alt\u0131nda bir araya gelme iste\u011fimiz, hem y\u0131llar i\u00e7inde <a class=\"mh-excerpt-more\" href=\"https:\/\/www.bilark.org\/?page_id=240&#038;lang=tr\" title=\"Hareket Tarz\u0131m\u0131z\">[&#8230;]<\/a><\/p>\n<\/div>","protected":false},"author":1,"featured_media":0,"parent":0,"menu_order":0,"comment_status":"closed","ping_status":"closed","template":"","meta":[],"_links":{"self":[{"href":"https:\/\/www.bilark.org\/index.php?rest_route=\/wp\/v2\/pages\/240"}],"collection":[{"href":"https:\/\/www.bilark.org\/index.php?rest_route=\/wp\/v2\/pages"}],"about":[{"href":"https:\/\/www.bilark.org\/index.php?rest_route=\/wp\/v2\/types\/page"}],"author":[{"embeddable":true,"href":"https:\/\/www.bilark.org\/index.php?rest_route=\/wp\/v2\/users\/1"}],"replies":[{"embeddable":true,"href":"https:\/\/www.bilark.org\/index.php?rest_route=%2Fwp%2Fv2%2Fcomments&post=240"}],"version-history":[{"count":3,"href":"https:\/\/www.bilark.org\/index.php?rest_route=\/wp\/v2\/pages\/240\/revisions"}],"predecessor-version":[{"id":244,"href":"https:\/\/www.bilark.org\/index.php?rest_route=\/wp\/v2\/pages\/240\/revisions\/244"}],"wp:attachment":[{"href":"https:\/\/www.bilark.org\/index.php?rest_route=%2Fwp%2Fv2%2Fmedia&parent=240"}],"curies":[{"name":"wp","href":"https:\/\/api.w.org\/{rel}","templated":true}]}}

Hareket Tarzımız

<p class="has-text-align-right"><a href="https://www.bilark.org/?page_id=172" data-type="URL" data-id="https://www.bilark.org/?page_id=172">English</a></p>



<p>Hareket tarzımız esasen öykümüzle, teker teker ve birlikte hayatta durduğumuz yerle doğrudan ilintili. Bir kooperatif çatısı altında bir araya gelme isteğimiz, hem yıllar içinde kendiliğinden gelişen yaşamı bölüşme, birlikte düşünme ve ortaklaşa üretim süreçlerinin bir yansımasıdır, hem de BİLARK bileşenlerinin kolektif emeğin ve yatay örgütlenmenin değerine, verimliliğine olan inancından kaynaklanmaktadır.&nbsp;</p>



<p><br>Hiyerarşi içermeyen bir yapımız ve çalışma biçimimiz var:&nbsp;BİLARK olarak yapılacak faaliyetlerle ilgili tüm süreçlerde eşit söz hakkı geçerli. Bir faaliyetin gerçekleştirilmesine karar verilmesi, bu yönde bir program oluşturulması ve o program dahilinde işe koyulmak, bir arada düşünme, tartışma süreçlerinin sonucunda verilen ortak karara bağlı. Faaliyetin gerçekleştirilmesi için gereken işbölümünde yine hiyerarşi içermeyen bir yol izlenirken, bileşenlerin beceri ve birikimleri göz önünde bulunduruluyor ve bu işbölümüne de ortaklaşa karar veriliyor.&nbsp;</p>



<p><br>İşbirliğine açık, şeffaf bir yapıya sahibiz: Kendi içinde yatay örgütlenme ve şeffaflık esasında işleyen BİLARK, kendi yapısı dışındaki kişi ve kuruluşlarla da aynı esasta ilişki kurmayı önemsiyor. Toplumsal ihtiyaçlara duyarlı, adil bir dünya talebini savunan, evrensel hak ve özgürlüklere saygılı, ırk, din, dil, cinsiyet ve tür ayrımcılığı yapmayan tüm kişi ve kuruluşlarla birey-toplum ve yaşam yararına yapılacak her türlü faaliyette işbirliği ve dayanışmaya açığız.&nbsp;Ayrıca benzer girişimlerin artmasını, ülkemizde ve dünyada ekonomik girişim ve yaratıcı üretimle emeğin birleşmesinden doğacak yeni bir ekonomi alanının güçlenmesini arzu ediyoruz. Bu sürece katkı için bilgi, deneyim ve altyapımızı ilgilenenlerle olabildiğince paylaşmak istiyoruz.Bilimsel araştırma projesi veya çalışma alanlarımz içinde yer alan diğer faaliyetlerde proje ortaklığını ve işbirliğini önemsiyoruz. Bu nedenle proje fikirlerimizi ilgilenenlerle paylaşmak, BİLARK dışından kişi ve kuruluşların proje önerilerini birlikte geliştirerek projeler ortaya çıkarmak gibi çok yönlü etkileşim içinde olmak istiyoruz. İlgilenenlere web sayfamızdaki “işbirliği” sekmesini izlemeyi ve bizimle iletişime geçmeyi öneririz.</p>

<div class="mh-excerpt"><p>English Hareket tarzımız esasen öykümüzle, teker teker ve birlikte hayatta durduğumuz yerle doğrudan ilintili. Bir kooperatif çatısı altında bir araya gelme isteğimiz, hem yıllar içinde <a class="mh-excerpt-more" href="https://www.bilark.org/?page_id=240&#038;lang=tr" title="Hareket Tarzımız">[&#8230;]</a></p>
</div>
