{"id":223,"date":"2023-01-07T23:30:07","date_gmt":"2023-01-07T20:30:07","guid":{"rendered":"https:\/\/www.bilark.org\/?page_id=223"},"modified":"2025-06-12T22:51:47","modified_gmt":"2025-06-12T19:51:47","slug":"calistay-turkiyede-bilimsel-arastirmada-proje-potansiyelleri-bilim-ortami-ve-kurumsal-yapilar","status":"publish","type":"page","link":"https:\/\/www.bilark.org\/?page_id=223&lang=tr","title":{"rendered":"Etkinlikler"},"content":{"rendered":"\n<p class=\"has-text-align-right\"><a href=\"https:\/\/www.bilark.org\/?page_id=107\" data-type=\"URL\" data-id=\"https:\/\/www.bilark.org\/?page_id=107\">English<\/a><\/p>\n\n\n\n<figure class=\"wp-block-image size-large\"><img loading=\"lazy\" width=\"1024\" height=\"721\" src=\"https:\/\/www.bilark.org\/wp-content\/uploads\/2025\/06\/30-10-2024-2-1024x721.png\" alt=\"\" class=\"wp-image-353\" srcset=\"https:\/\/www.bilark.org\/wp-content\/uploads\/2025\/06\/30-10-2024-2-1024x721.png 1024w, https:\/\/www.bilark.org\/wp-content\/uploads\/2025\/06\/30-10-2024-2-300x211.png 300w, https:\/\/www.bilark.org\/wp-content\/uploads\/2025\/06\/30-10-2024-2-768x541.png 768w, https:\/\/www.bilark.org\/wp-content\/uploads\/2025\/06\/30-10-2024-2.png 1503w\" sizes=\"(max-width: 1024px) 100vw, 1024px\" \/><\/figure>\n\n\n\n<div class=\"wp-container-3 wp-block-columns\">\n<div class=\"wp-container-1 wp-block-column\">\n<p><\/p>\n\n\n\n<figure class=\"wp-block-image size-full\"><img loading=\"lazy\" width=\"612\" height=\"875\" src=\"https:\/\/www.bilark.org\/wp-content\/uploads\/2023\/01\/calistay-2.png\" alt=\"\" class=\"wp-image-298\" srcset=\"https:\/\/www.bilark.org\/wp-content\/uploads\/2023\/01\/calistay-2.png 612w, https:\/\/www.bilark.org\/wp-content\/uploads\/2023\/01\/calistay-2-210x300.png 210w\" sizes=\"(max-width: 612px) 100vw, 612px\" \/><\/figure>\n<\/div>\n\n\n\n<div class=\"wp-container-2 wp-block-column\">\n<p><\/p>\n\n\n\n<h2>Kooperatif K\u00fclt\u00fcr\u00fc: Bilimsel Ara\u015ft\u0131rmada Kooperatif Fikri <br><strong>(13 May\u0131s, 2014)<\/strong><\/h2>\n\n\n\n<p>Herkesin kat\u0131l\u0131m\u0131na a\u00e7\u0131k bu toplant\u0131da (\u00e7al\u0131\u015ftay), \u00f6zellikle k\u00fclt\u00fcr ve ileti\u015fim bilimleri alan\u0131nda ara\u015ft\u0131rmac\u0131l\u0131\u011f\u0131n \u00e7er\u00e7eve ko\u015fullar\u0131n\u0131, pratikte ya\u015fanan zorluklar, alternatif yollar ve payda\u015flar aras\u0131 i\u015fbirli\u011fi olanaklar\u0131 tart\u0131\u015f\u0131ld\u0131, fikirler ve \u00f6neriler dle getirildi. Bilgi payla\u015f\u0131m\u0131, tart\u0131\u015fma ve fikir al\u0131\u015fveri\u015fi a\u011f\u0131rl\u0131kl\u0131 olarak ger\u00e7ekle\u015fen toplant\u0131ya ilgi yo\u011fundu ve kat\u0131lanlar\u0131n katk\u0131lar\u0131yla verimli ve zengin i\u00e7erikli bir \u00e7al\u0131\u015fma ger\u00e7ekle\u015ftirildi. G\u00f6r\u00fc\u015fler ve \u00f6neriler B\u0130LARK&#8217;\u0131n da yak\u0131n gelecekteki \u00e7al\u0131\u015fmalar\u0131 i\u00e7in perspektife de katk\u0131da bulundu.&nbsp; &nbsp;<\/p>\n<\/div>\n<\/div>\n\n\n\n<figure class=\"wp-block-image size-large\"><img loading=\"lazy\" width=\"1024\" height=\"724\" src=\"https:\/\/www.bilark.org\/wp-content\/uploads\/2025\/06\/13-05-2014-program-1-1024x724.png\" alt=\"\" class=\"wp-image-350\" srcset=\"https:\/\/www.bilark.org\/wp-content\/uploads\/2025\/06\/13-05-2014-program-1-1024x724.png 1024w, https:\/\/www.bilark.org\/wp-content\/uploads\/2025\/06\/13-05-2014-program-1-300x212.png 300w, https:\/\/www.bilark.org\/wp-content\/uploads\/2025\/06\/13-05-2014-program-1-768x543.png 768w, https:\/\/www.bilark.org\/wp-content\/uploads\/2025\/06\/13-05-2014-program-1.png 1504w\" sizes=\"(max-width: 1024px) 100vw, 1024px\" \/><\/figure>\n\n\n\n<p> &nbsp;<\/p>\n","protected":false},"excerpt":{"rendered":"<div class=\"mh-excerpt\"><p>English Kooperatif K\u00fclt\u00fcr\u00fc: Bilimsel Ara\u015ft\u0131rmada Kooperatif Fikri (13 May\u0131s, 2014) Herkesin kat\u0131l\u0131m\u0131na a\u00e7\u0131k bu toplant\u0131da (\u00e7al\u0131\u015ftay), \u00f6zellikle k\u00fclt\u00fcr ve ileti\u015fim bilimleri alan\u0131nda ara\u015ft\u0131rmac\u0131l\u0131\u011f\u0131n \u00e7er\u00e7eve ko\u015fullar\u0131n\u0131, <a class=\"mh-excerpt-more\" href=\"https:\/\/www.bilark.org\/?page_id=223&#038;lang=tr\" title=\"Etkinlikler\">[&#8230;]<\/a><\/p>\n<\/div>","protected":false},"author":1,"featured_media":0,"parent":0,"menu_order":0,"comment_status":"closed","ping_status":"closed","template":"","meta":[],"_links":{"self":[{"href":"https:\/\/www.bilark.org\/index.php?rest_route=\/wp\/v2\/pages\/223"}],"collection":[{"href":"https:\/\/www.bilark.org\/index.php?rest_route=\/wp\/v2\/pages"}],"about":[{"href":"https:\/\/www.bilark.org\/index.php?rest_route=\/wp\/v2\/types\/page"}],"author":[{"embeddable":true,"href":"https:\/\/www.bilark.org\/index.php?rest_route=\/wp\/v2\/users\/1"}],"replies":[{"embeddable":true,"href":"https:\/\/www.bilark.org\/index.php?rest_route=%2Fwp%2Fv2%2Fcomments&post=223"}],"version-history":[{"count":10,"href":"https:\/\/www.bilark.org\/index.php?rest_route=\/wp\/v2\/pages\/223\/revisions"}],"predecessor-version":[{"id":354,"href":"https:\/\/www.bilark.org\/index.php?rest_route=\/wp\/v2\/pages\/223\/revisions\/354"}],"wp:attachment":[{"href":"https:\/\/www.bilark.org\/index.php?rest_route=%2Fwp%2Fv2%2Fmedia&parent=223"}],"curies":[{"name":"wp","href":"https:\/\/api.w.org\/{rel}","templated":true}]}}